6 = 4*c - 6. Suppose -3 = g + 1, g - 41 = -c*w. What is the tens digit of w?
1
Suppose -140 = -5*i - 5*a, i = a - 8 + 28. What is the tens digit of i?
2
Suppose 0*k = k. Suppose v - 40 = -3*l - l, k = -l + v + 15. What is the tens digit of 156/l - (-6)/(-33)?
1
What is the units digit of 0/1 + (-2520)/(-24)?
5
Let w be 1/(-2) + (-198)/(-12). Let g be 8/w - (-6)/4. What is the units digit of (2/(-1))/(g/(-4))?
4
Let d be -15*1 + (-3)/3. Let g = d + 38. What is the units digit of g?
2
Let k be 3 - (-16)/(-2)*1. What is the tens digit of (-166)/(-10) + (-2)/k?
1
What is the tens digit of (3 - (-36)/(-8))*(-28)/3?
1
Let h = 2 + 3. Let y(k) = 2*k + 1. Let m be y(h). Let z(s) = -s**3 + 12*s**2 - 10*s - 9. What is the units digit of z(m)?
2
Let g be (2/4)/(4/16). Suppose -4*v + 5*q - 2 = 2*q, -g*q - 1 = -5*v. What is the units digit of v?
1
Let i(n) = 34*n**3 + n**2 - 2*n + 2. What is the units digit of i(1)?
5
Let t be 111/(-15) - (-4)/10. What is the units digit of 8/16 + t/(-2)?
4
Suppose -3*l - 26 = -2*y - 0*y, 0 = -2*l + 2*y - 14. Let k be (-21 - 0)*(-2 - -1). Let s = k + l. What is the units digit of s?
9
Suppose -124 = -14*p + 10*p. What is the tens digit of p?
3
Suppose 2*g - 20 = -2*g. Let q(f) = f**2 + 2*f - 7. What is the tens digit of q(g)?
2
Let w = -21 - -30. What is the units digit of w?
9
Let l = 24 - 12. Let m = 35 - l. Let x = -14 + m. What is the units digit of x?
9
Suppose 7 = 3*o - 8, 0 = -3*h + 3*o - 6. What is the units digit of h?
3
Suppose 818 - 248 = 5*r. What is the units digit of r?
4
Let g = 144 - 96. Suppose 0*h + 78 = 5*r + 4*h, -2*h + g = 3*r. Suppose 3*l - 4*l + r = 0. What is the units digit of l?
8
What is the tens digit of 4 + -1 + 4 + 89?
9
Let p = -10 - -16. Suppose -2 = -2*y + 4, 0 = -2*q - 3*y + 15. Let r = p - q. What is the units digit of r?
3
Let w = -18 - -18. Let v = -2 - -5. Suppose p + v*p + 8 = -3*o, 5*p - o - 9 = w. What is the units digit of p?
1
Suppose w + 310 = 6*w. What is the tens digit of w?
6
Let w(q) = -q**3 - 5*q**2 + 4*q + 2. Let z be w(-6). Suppose 0 = -5*m + 11 + z. What is the units digit of m?
5
Let n = 7 + -2. Let r = 10 - n. Suppose 0 = -4*z - r*a + 24, 2*a - 6*a = 5*z - 21. What is the units digit of z?
1
Let z(n) = -2*n**3 + 7*n**2 - 2*n + 5. Let s(o) = -o**3 + 4*o**2 - o + 2. Let i(c) = -13*s(c) + 6*z(c). What is the units digit of i(10)?
4
Let o be 1/(-2)*-1*10. Suppose -6*n + 4*a = -2*n - 4, -5*n = 2*a - o. What is the units digit of n?
1
Suppose 2*w + b - 8 = 0, 0 = 2*w + 2*b - 5*b. What is the units digit of w?
3
Suppose x = 5*x - 212. Suppose -g = 3*c - 31, -3*c - 2*c + x = 3*g. What is the tens digit of c?
1
What is the units digit of (-60)/25*(-190)/4?
4
Suppose 29 = 5*w + 4. Suppose -q = -j + 3*j - 14, w*q = j + 48. What is the units digit of q?
0
Let q = -34 - -24. Let g = 3 + q. What is the units digit of (1 - g) + 0/(-4)?
8
Let j be ((-4)/6)/(1/(-3)). Suppose 0 = -0*g - j*g + 20. What is the tens digit of g?
1
Let c = 179 + -99. What is the units digit of c?
0
Let y = 57 - 10. Suppose -y + 3 = -z. What is the units digit of z?
4
Let y = 217 + 61. What is the units digit of y?
8
Let r = 7 - 4. Suppose -r*c - 16 = -5*c. What is the units digit of c?
8
Let a(u) = -u + 4*u + 4 + 1. What is the units digit of a(6)?
3
Let j(c) = 3*c + 9. Let d be j(-4). Let k = d + 6. Suppose -5*p - r + 7 = 0, -k*r = -p + r - 7. What is the units digit of p?
1
Let o be ((-39)/(-2))/(6/(-8)). Let q = o + 38. What is the units digit of 75/q - 2/8?
6
Let f(g) = 4*g**2 + g. Let y be f(1). Suppose y*t - 65 = 5*h, 5*t + h - 53 = 3*h. What is the units digit of t?
9
What is the tens digit of 4 + -5 + 2 + 63?
6
What is the units digit of 3 + (-2 - (1 + -1))?
1
Let q = 148 + -104. What is the tens digit of q?
4
Suppose -5*q + 22 = -3*r - q, 0 = -4*r - 4*q - 20. Let z be -3 - (-3)/(r/(-92)). Let n = -28 + z. What is the units digit of n?
5
Let s be 1 + (-3)/((-6)/28). Suppose 0 = x - 5*x + 12. Suppose -x = 2*h - s. What is the units digit of h?
6
Let h = -46 - -124. What is the tens digit of h?
7
Suppose p = 3 + 5. Let f = p + -6. Suppose f*m = -2*m - d + 7, -m + 1 = d. What is the units digit of m?
2
Let s(m) = m - 13. Let l be s(11). Suppose f + 88 = -0*f. What is the units digit of (f/16)/(l/4)?
1
Let k be 52/6 + 6/(-9). Let z(s) = s**3 - 8*s**2 + 2*s - 11. What is the units digit of z(k)?
5
Suppose -100 = 8*k - 13*k. What is the tens digit of k?
2
Let p = 9 + 131. What is the tens digit of p?
4
Let k(t) be the second derivative of -t**5/20 - 5*t**4/6 - 11*t**3/6 + t**2 - t. What is the tens digit of k(-9)?
2
Let a(n) = n**3 - 12*n**2 + 14*n + 11. Let u(t) = t**2 + 2*t + 11. Let j be u(0). What is the units digit of a(j)?
4
Suppose 3*z + 16 = -z. Let o be (-1 - 1)/(z/12). What is the units digit of o + (1 - -1 - 4)?
4
Suppose -2*q = -3*z + 42, 5*z + 4*q - 92 = -0*q. Let s = z - -3. What is the units digit of s?
9
Let h(v) = 18*v**3 - v**2. Let s be h(-1). Let u = s - -12. Let b = 11 + u. What is the units digit of b?
4
Let r(p) = -2*p**3 - 40*p**2 + 4. What is the units digit of r(-20)?
4
Let m = 7 - 5. Suppose -f - q = 0, m*f = q + q + 20. What is the units digit of f?
5
Let c be 80/(-14) + 2/(-7). What is the units digit of ((-12)/5)/(c/20)?
8
Let s be (4/12)/((-2)/(-6)). Let d(g) = g**2 - g**3 + s - g**3 + 3*g**3 - g. What is the tens digit of d(2)?
1
Let b(u) = -u**2 + 2*u + 4. Let d be b(3). Let y(z) = -5*z**3 + 2*z**2 - z. Let t be y(d). What is the units digit of (t + 3)*5/(-1)?
5
Suppose -27 = -5*w + 4*t + 128, 5*t = 3*w - 106. What is the units digit of w?
7
Suppose 20 = 2*f + 2*y, -3*f + 24 = -0*f + 5*y. What is the units digit of f?
3
Let o(z) be the first derivative of -z**3/3 + 7*z**2/2 + 3*z - 3. Suppose 8*m = 3*m + 30. What is the units digit of o(m)?
9
Let c(u) = u - 4 + 5*u**2 - 9*u**2 - 2*u**3 + 3*u**3. Let m be c(4). Suppose -3*s + 3 + m = 0. What is the units digit of s?
1
Let m(t) = t**3 - t**2 + 10*t + 2. Let a be m(13). What is the units digit of a/70 - (-2)/14?
1
Suppose u - 5*a = 3, 0*u - 5*a + 51 = 2*u. What is the tens digit of 530/45 + 4/u?
1
Let t(k) = 3*k**2 - 9*k - 17. What is the tens digit of t(8)?
0
Let u be (-2)/9 - (-10)/45. What is the units digit of 2*((-75)/(-6) + u)?
5
What is the tens digit of ((-3)/(-9))/(-1) - 500/(-6)?
8
Let w(v) = v**3 - 2*v**2 + 3*v - 11. What is the hundreds digit of w(6)?
1
Let q(j) = 10*j - 3*j + 3 - 5 - 8*j. What is the units digit of q(-5)?
3
Let n(d) = -d**3 - 7*d**2 + 8*d + 2. Let z be n(-8). Suppose z*g - 10 = 3*o - 5*o, 0 = -2*g + 6. What is the units digit of o?
2
Suppose 13 = 2*f - 7. Suppose -f = -2*t - 2. What is the units digit of t?
4
What is the tens digit of (116/(-6))/(40/(-60))?
2
Suppose -16 = -4*v + 4, -x + 3*v + 104 = 0. What is the hundreds digit of x?
1
Let o(t) = 4*t - 7. Let r be o(6). Suppose 0 = -0*w - w + r. Let j = w - 8. What is the units digit of j?
9
Let y = 22 - 13. Suppose -30 = 4*q - y*q. What is the units digit of q?
6
Let h(l) = -10*l**3 + l + 1. Suppose -3*m - 1 + 2 = -4*j, -3*j + 9 = m. Let k be (m - 2 - 2) + 0. What is the units digit of h(k)?
0
Suppose -5*f + 48 = -f. Suppose 5*x - f = x. What is the units digit of x?
3
Let o = -3 + -1. Let q be (1 + (0 - o))*1. Suppose -11 = -5*t + 3*h, 2*t - q = -0*t + h. What is the units digit of t?
4
Let g(i) = i**3 - i**2 - 5*i + 2. Let r be g(3). Suppose 0*m + 13 = m - 4*u, -r*u = 10. Let v(y) = y + 2. What is the units digit of v(m)?
7
Let i(r) = r**3 - 3*r**2 - 4*r - 2. Suppose 0 = -5*n + 4*m + 9, 4 = 2*m - 4. Let q be i(n). Let s = q - 18. What is the units digit of s?
0
Let u(i) = 29*i + 5. Let j be u(-2). Let y = -28 - j. What is the tens digit of y?
2
Let d be (1/2)/(3/144). What is the units digit of (3/4)/(1/d)?
8
Let s(r) = 16 + 9*r - 2 - 9 - 4. Suppose -q + 5 = -2*q - 2*d, -13 = 2*q + 5*d. What is the units digit of s(q)?
0
Suppose -3*r - 1 = 2*u - 6*u, -r = -4*u + 11. Let a = 7 - u. What is the units digit of a?
3
Suppose c + 4*x - 15 - 67 = 0, 263 = 3*c - 5*x. What is the units digit of 6/(-21) - c/(-7)?
2
Suppose i = -2*o - 5 + 3, -3*i = 3*o. Suppose 2*a - 2*k + i = -0, 0 = a - 4*k + 16. Suppose -2 = 2*y - a*y. What is the units digit of y?
1
Let h = -202 - -340. What is the tens digit of h?
3
Let y = -2 + 4. Suppose f - y*f = -1. What is t